y?
6
Let q = 43 - 7. Let j = -27 + q. What is the greatest common divisor of j and 9?
9
Let v = 16 + -11. Suppose -19 = -4*s + v. Let a be s/21 - (-1632)/21. Calculate the highest common factor of a and 26.
26
Let d be (3 - 3 - -3)/(12/4). Calculate the greatest common factor of d and 1.
1
Let x(o) = -o**2 + 10*o - 4. Let n be x(10). Let h(a) = a**2 + 3*a + 6. Let r be h(n). Calculate the greatest common factor of r and 2.
2
Let n(b) = 9*b**2 - 32*b - 3. Let q be n(-9). What is the highest common factor of 6 and q?
6
Let c be (-9)/(((-20)/(-156))/(-5)). Suppose 3*g = -r + c, -4*g + 118 + 350 = r. What is the highest common factor of 13 and g?
13
Let w = -16 + 8. Let m be (-4)/w*56*1. Let o = -10 + m. What is the highest common divisor of o and 27?
9
Suppose d = -2*u + 272, 3*u + 271 = -3*d + 1093. Calculate the highest common factor of d and 6.
6
Let k(d) = -7*d - 9. Let v(l) = 29*l + 37. Let f(y) = 9*k(y) + 2*v(y). Let q be f(-5). What is the highest common factor of 198 and q?
18
Let i be 3/(-2) + 116/8. Suppose 2*a + 49 = x, 57 + 7 = x - 5*a. Calculate the greatest common factor of x and i.
13
Suppose 3*w + 3 = -4*a, -4*a + 6 = 5*w - a. Suppose -2*v = w*v - 20. What is the highest common factor of 2 and v?
2
Let v(x) = x**2 - 3. Let u be v(3). Suppose -3*h = -5 - 19. Let d = u + h. What is the greatest common factor of d and 2?
2
Suppose -4*y - 143 = -z - 0*y, -3*z = -5*y - 436. Let k(d) = 22*d + 425. Let q be k(-19). What is the greatest common divisor of q and z?
7
Let n = 278 - 267. What is the greatest common factor of n and 88?
11
Let a(w) = -w**3 - 29*w**2 - 51*w + 92. Let c be a(-27). Calculate the highest common divisor of 539 and c.
11
Let f = 137 - 87. Calculate the greatest common factor of f and 575.
25
Suppose 11*z + 0 = -55. Let i(u) be the third derivative of u**4/24 + 4*u**3/3 - 2*u**2. Let s be i(z). What is the highest common divisor of s and 1?
1
Let j be 174/(-1218) + 170/14. Suppose -1 = a - 6. Let i be (2 - 0)*(a + 1). What is the greatest common factor of i and j?
12
Let d(r) = -r**2 - 20*r + 50. Let a be d(-22). Let f(c) = -c**3 + 9*c**2 - 12*c + 20. Let p be f(a). Calculate the greatest common divisor of 16 and p.
8
Suppose -3*r - 8 = -5*r. Let n = -297 - -325. Calculate the greatest common factor of r and n.
4
Let f = -16 - -21. Suppose -p = f*u - 74, -4*u + 3*u + 34 = 5*p. Suppose 0 = -5*q + 3*n + u, -2*n = -q + 5 + 2. Calculate the greatest common factor of q and 7.
1
Let w = 1205 + -526. Calculate the highest common factor of 7 and w.
7
Let q = 192 + 36. Calculate the greatest common divisor of q and 36.
12
Suppose -1154*c - 252 = -1161*c. What is the highest common divisor of 96 and c?
12
Suppose -72 = 5*s + 2*w, 5*s + 51 + 17 = -3*w. Let z be 2/(-5)*(s + -524). What is the highest common factor of z and 27?
27
Suppose 3*b + 4*n = -n - 93, -124 = 4*b - 4*n. Let g = -31 - b. Suppose g = 3*w - 40 - 26. What is the greatest common divisor of 11 and w?
11
Let c be 16/(-25)*-35 + 4/(-10). Calculate the highest common factor of c and 418.
22
Let y(q) = q - 1. Let x(i) = 7. Let r(g) = x(g) - 2*y(g). Let z be r(9). Let d(l) = -28*l + 4. Let w be d(z). Calculate the greatest common divisor of 32 and w.
32
Suppose 5*c = c. Suppose -3*q = -4*s - 120, -3*s + c + 27 = q. Let m(n) = -5*n - 28. Let o be m(-8). Calculate the highest common divisor of o and q.
12
Let m(o) = -o**3 + 5*o**2 + 12*o + 12. Let p be m(6). Suppose a - 117 = p. Calculate the highest common divisor of 15 and a.
15
Let x = 46 - 40. Let d(n) = 2*n**2 - 9*n. Let j be d(x). Let z be 161 + 1*(1 - 0). What is the highest common divisor of z and j?
18
Let q be (-12)/(-22) + (-40227)/(-121). What is the highest common divisor of q and 9?
9
Let s(b) = b**2 + 5*b + 9. Let q be s(-6). Let j be 3 + 21/(0 + 3). What is the greatest common factor of q and j?
5
Let c be (-8 + -16)*-24*1. What is the highest common divisor of 36 and c?
36
Let l be (-39)/4*((-14)/3 + 2). What is the highest common factor of 1053 and l?
13
Suppose -200 = -16*t + 14*t. Let s be (35/(-7))/((-2)/100). Calculate the highest common factor of t and s.
50
Let h be ((-45)/(-6))/(3/4). Suppose z - 401 = -5*i, -9*z + 11*z = -3*i + 242. What is the greatest common divisor of h and i?
10
Let q(a) = -a**3 - 18*a**2 + 17*a - 27. Let u be q(-19). Let f be u/(-4 + (-39)/(-9)). What is the highest common factor of f and 3?
3
Let f(d) = d**2 + 11*d + 9. Let l(j) = -j**2 - 11*j - 10. Let n(h) = -3*f(h) - 2*l(h). Let u be n(-8). Calculate the highest common divisor of u and 153.
17
Let o(i) = -i**3 - i**2 - i + 418. Let l be o(0). What is the greatest common divisor of 38 and l?
38
Let h be 0 + -19 + -3 + 0. Let l = 52 + h. Calculate the greatest common divisor of l and 3.
3
Suppose 3 - 5 = -i. Let k be (4/(-14))/(i/(-7)). What is the greatest common divisor of 4 and k?
1
Let z be (-2)/(-4)*(6 - 6). Suppose z*d - 3*w = -3*d - 126, -4*d + 3*w = 169. Let v = -26 - d. Calculate the greatest common divisor of v and 17.
17
Suppose 5*k + 0*k = 5*n - 120, 0 = 3*n - 4*k - 75. Let s be (8/(-12))/((-24)/756). What is the highest common factor of n and s?
21
Let n(t) = -t**3 + 15*t**2 - 52*t - 6. Let x be n(9). Calculate the greatest common divisor of 1284 and x.
12
Let y = 1200 - 1100. Calculate the highest common factor of y and 625.
25
Let h(s) be the second derivative of -s**4/12 - 7*s**3/3 + 21*s**2/2 + 12*s. Let l be h(-15). Calculate the highest common factor of 48 and l.
6
Let c(b) = b**2 + 4*b - 1. Suppose -4*z + 2 - 5 = g, g = 3*z - 3. Let m be c(g). Let r be 20*(27/6 + m). Calculate the highest common factor of r and 20.
10
Let r = 1159 + -424. Calculate the highest common divisor of r and 49.
49
Suppose 0 = -4*b - 2*y + 314, -2*b + 162 = -3*y + 25. What is the highest common factor of b and 1900?
76
Let a be ((-3)/(-6))/((-3)/(-24)). Suppose 0*o + a*o = 32. Let l(c) = 2*c - 11. Let u be l(o). Calculate the highest common factor of 10 and u.
5
Suppose y = 3*p + 336, 1765 = 5*y - p + 3*p. What is the highest common factor of 78 and y?
39
Suppose 51 = -3*g + 102. Calculate the greatest common factor of 289 and g.
17
Let j = 60 + -30. Calculate the highest common divisor of 40 and j.
10
Suppose -2*i + 6 = -4*s, -27 + 1 = -5*i - s. Calculate the highest common divisor of i and 15.
5
Let r = -110 - -111. Calculate the highest common factor of 19 and r.
1
Let v = 659 - 627. Calculate the highest common factor of v and 544.
32
Let a = 1593 - 1546. What is the highest common factor of a and 799?
47
Let b = -16 - -23. Let o be (-2)/(-7) - 1045/7. Let r be 8/(-36)*3 - o/3. Calculate the highest common divisor of r and b.
7
Let w(r) = -22*r - 7. Let a(c) = 45*c + 13. Let o(z) = 3*a(z) + 5*w(z). Let j be o(1). What is the highest common divisor of 87 and j?
29
Suppose 33 = 3*t - 6. Let o = -6 + t. Let r = 13 - o. What is the highest common factor of 3 and r?
3
Let h = -37 + 46. Let g = 12 - -51. Calculate the greatest common divisor of g and h.
9
Suppose -6*l - 6*l - 180 = 0. Let a be 3/9 + (-2470)/l. What is the highest common factor of a and 11?
11
Let i(a) = -61*a - 12. Let l be i(-10). Suppose x - 5*w = 4*x - 610, 0 = -3*x + w + l. Calculate the highest common divisor of x and 40.
40
Suppose 4*g - 6 = 6*g. Let l be (69/18)/(g/(-18)). What is the greatest common factor of 161 and l?
23
Let j(z) = -z**3 - 3*z**2 - 3*z - 4. Let r be j(-4). Let l be (-4)/(-6)*93/2. Let x = l + 29. Calculate the greatest common factor of x and r.
12
Let t = 188 + -128. Calculate the greatest common divisor of t and 2.
2
Let f(c) = 34*c - 54. Let v be f(11). Suppose -4*r + 12*r = v. Calculate the greatest common factor of r and 5.
5
Suppose 3*f + z = 52, 4*f + 8*z = 3*z + 62. Let m be (2 - 6 - -144) + (6 - 2). Calculate the highest common divisor of m and f.
18
Suppose -39*r + 37*r + 3*z = -21, 4*r + 3*z - 87 = 0. What is the greatest common factor of 1746 and r?
18
Let s = -151 - -142. Suppose 5*m = 137 + 108. Let f = m + s. Calculate the greatest common factor of f and 5.
5
Let a = 63 - 44. Let l = -22 + a. Let r be 420/36 - 1/l. Calculate the greatest common factor of r and 72.
12
Let w = 119 - 99. Let y(u) = 3*u**2 + 4*u + 1. Let a be y(3). What is the highest common factor of w and a?
20
Let v(y) = y**3 + 3*y**2 - 15*y + 27. Le